-35).
47
Suppose 27 = -3*l + 6, -5*l = -b + 8548. What are the prime factors of b?
8513
Suppose 92 = 26*d + 14. Suppose -23*a + 11960 = d*a. What are the prime factors of a?
2, 5, 23
Let q(x) = -x**2 + 3*x + 9. Let v(s) = 2*s**2 - 8*s - 18. Let y(l) = 9*q(l) + 4*v(l). Let a be y(-6). List the prime factors of (-5)/(-15) - -410*1/a.
137
Let k(x) be the first derivative of x**3/3 - 3*x**2 - 17*x - 19. Let g be k(7). Let a = g + 59. What are the prime factors of a?
7
Suppose 2*z = 143*z - 3617214. List the prime factors of z.
2, 101, 127
Suppose 5*s = 57 + 73. Suppose -6 = 8*d + s. Let n(g) = g**3 + 6*g**2 + 3*g - 3. List the prime factors of n(d).
17
Let f(b) = 7*b - 7. Let d be f(3). Suppose 30 = -4*z + d*z. What are the prime factors of ((-140)/(-12))/5*32*z?
2, 7
Let u(m) = 2307*m**2 + 5*m - 2. What are the prime factors of u(1)?
2, 3, 5, 7, 11
Suppose 10*y - 2 - 88 = 0. Suppose 113 = y*r - 2146. What are the prime factors of r?
251
What are the prime factors of (-6530)/(-24)*59 - 2*5/(-120)?
3, 5351
Let g = 694 - 645. Suppose 1202 = f - 3*p, -50*p + g*p = -5. List the prime factors of f.
1217
Let u = -38 - -45. Suppose -2*l + z = -4*l + u, 2*l - 9 = z. Suppose -l*h + 5*h - 169 = -2*d, 3*h + 313 = 4*d. What are the prime factors of d?
2, 41
Let u(x) = 7*x**2 + 21*x + 24. List the prime factors of u(-8).
2, 19
Let s(z) = 16*z**2 + 7*z + 16. Let v be ((-30)/(-6))/1 + -10. List the prime factors of s(v).
3, 127
Let q(s) = -20*s - 9*s**2 - 26 - 37 - 15 + s - 20 - s**3. What are the prime factors of q(-14)?
2, 7, 41
Suppose 0 = -4*w - 40*g + 35*g + 20079, -4*w - 3*g + 20073 = 0. List the prime factors of w.
2, 3, 11, 19
Let i = 57806 + -29795. What are the prime factors of i?
3, 9337
Suppose 12*n - 150683 - 76489 = 0. Suppose -15*o = -4*o - n. List the prime factors of o.
1721
Let j(h) be the third derivative of h**4/6 + 2*h**3 - 13*h**2 - 3. What are the prime factors of j(16)?
2, 19
Suppose 5*b - b + 17 = -3*f, 3*b - 31 = 4*f. What are the prime factors of ((-3)/9)/(((-7)/(-1878))/f)?
2, 313
Let b = -102 + 110. Suppose p - 2*r = 1, -r = -2*p + b + 3. Suppose p*h - 5*q - 435 = 5*h, -3*q = 5*h - 1165. List the prime factors of h.
2, 5, 23
Suppose 886900 - 16021 = 157*i. What are the prime factors of i?
3, 43
Let c(s) = 282*s - 3237. List the prime factors of c(46).
3, 5, 11, 59
Let d(p) = p**3 - 13*p**2 - 24 + 10*p - 16*p**2 - 19*p. List the prime factors of d(30).
2, 3, 101
Let u be 355/142 + (0 + 1)/2. Suppose u*n + 1602 = 4*a, 2*a - 535 = -4*n + 277. List the prime factors of a.
2, 3, 67
Let d = 8203 - 2126. Suppose -2*l - d = -3*c, 2*c - 3*l - 10130 = -3*c. List the prime factors of c.
2029
Let t(o) = 21*o + 20. Let g(d) = d**2 - 2*d - 15. Let w be g(5). Let k be (4 - 0)*(-12 + 13) - w. List the prime factors of t(k).
2, 13
Suppose 34 = 3*g + y, -2*y + 4*y = -3*g + 29. Let a = g + -28. What are the prime factors of (-2838)/(-30) - (-9)/a?
2, 47
Let m be (8/(-4) - -2) + (-2 - -4). Let t(x) = m*x**2 - 53*x**3 - 54*x**3 + 0 - 2. What are the prime factors of t(-1)?
107
Let d(y) = y + 11. Let k be d(5). Suppose 3*n + 4*i + k = 2*i, -14 = 2*n + 2*i. List the prime factors of (5 - 71/n)/((-1)/(-2)).
3
Suppose -12*s = -6*s - 11562. Suppose 622 = -5*x + s. Let g = -177 + x. What are the prime factors of g?
2, 3, 7
Suppose -373*a + 377*a = -16, -91832 = -2*j - 2*a. What are the prime factors of j?
2, 5, 7, 41
Let p(s) = -s**3 + 7*s**2 - 9*s - 2. Suppose i - 41 = -35. Let f be p(i). What are the prime factors of 2/((1/(-2))/(395/f))?
79
Let q(z) = -2823*z**3 - 3*z**2 - 3*z - 2. Let m be q(-1). Suppose -5*u + 4*w + 2828 = w, 5*u + 4*w = m. List the prime factors of u.
5, 113
Let a = 65 + -45. Suppose -21*w + 10 = -a*w. Suppose 3*f = -3*t + 495, 3*f - 493 = t + w. What are the prime factors of f?
167
Let c(y) = y**2 - 5*y - 112. Let h be c(-8). List the prime factors of (-1 + (-12)/h)*328.
2, 41
Suppose -76*o = 5*h - 71*o - 251505, -3*o = -18. What are the prime factors of h?
3, 5, 7, 479
Let l(k) = -23*k - 45. Let z be l(-4). Let v = 577 - z. List the prime factors of v.
2, 5, 53
Let r(p) = 4*p**3 - 7*p**2 - 5*p + 4. Let g be r(7). Suppose 3*o - t = g, -1635 = -9*o + 4*o - 4*t. List the prime factors of o.
331
Let i(c) = 10 - 8*c - 2*c**3 + 12*c**2 - 11*c - 8*c + 32*c. Let y be i(6). Let l = y + 125. What are the prime factors of l?
3, 5, 11
Let w be 465/(-204)*-4 + 4/(-34). Suppose 2*g - 89 = g. Suppose -q + 3*f + g = w, -2*q + 149 = 5*f. List the prime factors of q.
7, 11
Suppose -11*g - 11770 = -g. Let l = 2028 + g. What are the prime factors of l?
23, 37
Let m = -36488 + 57416. List the prime factors of m.
2, 3, 109
Suppose 91 = 51*y - 11. Suppose 4*v - o - 168 = 0, -250 = -5*v + 3*o - 47. Let a = y + v. What are the prime factors of a?
3, 5
Let l = 220 + 4641. What are the prime factors of l?
4861
Let b(i) = 229*i + 24. Let n be b(-6). Let q be (n/(-24))/(3/8). Suppose -y - y = 3*u - q, 0 = 5*u + 4*y - 248. List the prime factors of u.
2, 13
Suppose 4*w - 3960 = -2*q, 3*q - 2928 + 940 = -2*w. What are the prime factors of w?
2, 13, 19
Suppose 4 = -15*f + 13*f - 4*k, -2*f - 3*k - 6 = 0. What are the prime factors of 846 + -10 + (-1 - f)?
29
What are the prime factors of (1 - -96)/(29/1769)?
61, 97
Let q(t) = 12*t**3 - 2*t**2 - 7*t + 11. Suppose -72*v + 66*v + 12 = 0. List the prime factors of q(v).
5, 17
Let p(y) = 3*y + 2. Let l be p(0). Let b = l + 9. What are the prime factors of b?
11
Suppose q + 9 = 4*q. Let z = 52 - 47. Suppose -o + 53 + 51 = q*h, o - 172 = -z*h. What are the prime factors of h?
2, 17
Let h = -14 - -29. Suppose 0 = h*s - 4395 - 2145. List the prime factors of s.
2, 109
Let j(q) = -q**3 - 5*q**2 - 6*q - 3. Let y be j(-4). Suppose 5*l - 2*v = 404, 2*v - v - 413 = -y*l. What are the prime factors of l?
2, 41
Suppose -2*q - 2*g = -49545 + 10915, -77324 = -4*q + 4*g. List the prime factors of q.
3, 19, 113
Let z be 2 + (-11)/5 - 42/(-10). Suppose 7 = z*b - 13. Suppose 0 = -c + 8 + b. What are the prime factors of c?
13
Let c(f) = 125*f**2 - 85*f - 668. List the prime factors of c(-11).
2, 13, 37
Let x = 91545 - 56362. What are the prime factors of x?
151, 233
Suppose -790552 = -59*l - 19422. List the prime factors of l.
2, 5, 1307
Let g = 866 - 877. Let i(z) = -z**3 - z**2 + 10*z - 37. What are the prime factors of i(g)?
1063
Suppose 3*m - 8 = m - 5*y, 3*m = -3*y + 12. Suppose 329 = m*i - 3*o - 4665, -i + o = -1248. Suppose 6*p - i = p. What are the prime factors of p?
2, 5
Let y be 40/(-300) + (33724/30 - 1). Suppose 5*g - 717 = y. List the prime factors of g.
2, 23
Suppose -385*g + 95*g = -5129520. List the prime factors of g.
2, 3, 11, 67
Let n = 42 - 32. Suppose 0 = -6*h + 7*h + n. What are the prime factors of (h/(-30) + (-593)/15)*-5?
2, 7
Suppose -5*z + 3 = 3*w, -3*w = -z - 2*w + 7. Suppose 3*p - 3*c + 103 = -7*c, -3*c = z. Let u = -27 - p. List the prime factors of u.
2, 3
Let t(j) = -1597*j - 1536. List the prime factors of t(-16).
2, 19, 79
Let i be 8 + 6463 + (1 - -2). What are the prime factors of (-111)/259 - i/(-14)?
2, 3, 7, 11
Suppose 0 = -4*k - 11*k + 12645. Suppose 173 - k = -5*m. Suppose g - 6 = m. What are the prime factors of g?
2, 5, 7
Let w(d) = d**2 + 5*d + 10. Let k be 2*-1 + (-3 - 5) + -1. Let l be w(k). Let j = l + -42. List the prime factors of j.
2, 17
Let d(w) = 76*w**2 - 11*w - 267. List the prime factors of d(-15).
2, 3, 2833
Let q(r) = -r**3 + 44*r**2 - 109*r - 182. List the prime factors of q(37).
2, 11, 61
Let d(w) = 3*w**3 - 3*w**2 - 7*w - 11. Suppose -15*j + 4*j = -66. What are the prime factors of d(j)?
487
Let i(m) = 19*m**3 - 3*m**2 - 7*m - 31. List the prime factors of i(10).
7, 2657
Suppose 14*y + 28 = 14. What are the prime factors of (653/y)/(-1 - (-3)/6)?
2, 653
Let a = 8445 + -2593. List the prime factors of a.
2, 7, 11, 19
Let m(u) = -170*u + 87*u + 89*u. Let h = 14 - 10. What are the prime factors of m(h)?
2, 3
Let z(l) = -22*l + 35. Let o(p) = -2*p - 16. Let x be o(-11). Suppose -8*n - 42 - x = 0. List the prime factors of z(n).
167
Let h be 22/77 + (-296545)/(-35). Suppose -8*m = -4951 - h. List the prime factors of m.
2, 839
Suppose 40*j - 235838 = -16038. What are the prime factors of j?
5, 7, 157
Suppose -3*r = p + 9, -3*p + 5*r = r - 25. Suppose -p*a + 717 + 126 = 0. What ar